f 204 and l?
12
Suppose 0 = -a + 5*v + 21, -2*v + 19 = a - 2. What is the highest common factor of a and 168?
21
Let g(n) be the second derivative of n**4/12 + n**3 + 4*n**2 + n. Let c be g(-6). What is the highest common factor of c and 72?
8
Let a be 1*1/((-2)/(-126)). Let s(y) = -9*y - 4 - 6 + 14*y**2 + y**3 + 4 - 7*y. Let m be s(-15). What is the highest common factor of m and a?
9
Suppose h = y + 7, 5*h = -3*y + 62 + 13. Calculate the highest common divisor of 18 and h.
6
Let o be -2*(-9)/(-6) - -5. Suppose 0 = 2*u - r, -r = -0*u - u - o. Suppose -2*g + 3*g = 1. What is the greatest common divisor of g and u?
1
Let t = 14 - -29. Calculate the highest common divisor of t and 473.
43
Suppose 0 = -5*l + 4*y + 85, -3*l = l - 2*y - 62. Let a = l - 3. Let q = 142 + -72. Calculate the greatest common factor of a and q.
10
Let z = 5 + -1. Let x be 146/10 + z/10. What is the highest common factor of x and 5?
5
Suppose t + 1 = -3*a - 9, 4*t - 3*a - 35 = 0. Calculate the highest common divisor of t and 25.
5
Let y(r) = 3*r**3 + 2*r - 1. Let v be y(1). Let o be -2 - 2/(v/(-662)). Let d = -209 + o. Calculate the highest common divisor of d and 15.
15
Suppose 6*q = 7*q - 5. Suppose 0*l - 14 = -2*l. Suppose -l*o - 16 = -3*o, -5*s + 3*o = -237. What is the greatest common factor of s and q?
5
Let q = -36 - -99. Calculate the greatest common divisor of 693 and q.
63
Let n be ((-6)/4)/((-5)/50). Let z be (-4)/6 + (-476)/(-3). Let r = -53 + z. What is the greatest common factor of r and n?
15
Suppose 3*x = 3*u + 60, -x - 2*x + 55 = -4*u. Calculate the highest common factor of x and 50.
25
Let n = 35 - 21. Let t(i) = 2*i**2 + 8*i - 8. Let r be t(-10). Calculate the greatest common divisor of r and n.
14
Suppose -2*j - 3*j = -20. Suppose -14 = -2*m + 4*a, j*m - 2*a - 35 = -a. Calculate the highest common divisor of m and 9.
9
Let z(p) = -p**3 - p**2 - 4*p - 1. Let s be z(-4). Suppose 5*u - 77 = s. Calculate the highest common divisor of u and 4.
4
Let w = 0 - 2. Let a be 3 - (1 + w)*114. What is the greatest common divisor of a and 13?
13
Suppose -240 = -2*s - 0*s. Let a(z) = z**3 - z**2 + z - 11. Let t be a(0). Let j = t + 26. Calculate the greatest common divisor of j and s.
15
Let t(p) = -p**3 - 15*p**2 - 12*p - 15. Let i be t(-15). Suppose 0 = -r - 3, 3*l + r - 24 = 18. Calculate the highest common factor of l and i.
15
Let v(d) = d - 1. Let n(x) = 2*x - 1. Let z(u) = 6*n(u) - 10*v(u). Let i be z(3). Calculate the greatest common factor of i and 110.
10
Let q(s) = s**3 - 2*s**2 + 2*s - 1. Let y be q(2). Suppose 0 = 2*h - 10, y*h + 0*h = -4*w + 51. Calculate the highest common divisor of 6 and w.
3
Suppose -26 = -m - 5*d + 25, -5*m + 2*d = -120. Let u(t) = 10*t**2 + 2*t + 3. Let g be u(-2). Calculate the highest common factor of m and g.
13
Let s(d) = 2*d**3 - d**2 + 3*d - 2. Let g be s(1). Suppose -2*c + 6 = 0, 0*u - u + 14 = 4*c. What is the greatest common divisor of u and g?
2
Let t(j) = j - 2. Let a be t(4). Let r = -18 + 28. Suppose -10 - r = -4*o. What is the greatest common divisor of o and a?
1
Let k(c) = 3*c**2 - 5*c - 14. Let d be k(6). Calculate the highest common divisor of 16 and d.
16
Let k(y) = y**2. Let d(m) = 8*m**2 + 2*m - 3. Let h(n) = d(n) - 6*k(n). Let o be h(2). Calculate the greatest common factor of 81 and o.
9
Let p(u) = u**3 + 8*u**2 + 8*u + 10. Let g be p(-7). Suppose 0*c - 4*f = c - 16, -g*c + f = -22. Calculate the greatest common divisor of c and 4.
4
Let g be -1 + 6 + (-25 - -22). Let i be (8/6)/(2/21). Suppose 2*t - i = -g. Calculate the highest common factor of 2 and t.
2
Suppose 47 = 4*u - 89. Let j be (-3 - -1) + 2 + 15. Let w = 2 + j. What is the greatest common factor of u and w?
17
Let w = 5 + -2. Let y(j) = j**2 + 5*j - 3. Let z be y(w). Calculate the greatest common factor of 21 and z.
21
Let k = 3 - 21. Let v be 102 + (3 - k/(-3)). What is the highest common divisor of 11 and v?
11
Suppose -t + 16 - 6 = 0. Calculate the greatest common divisor of t and 40.
10
Let j = 10 + 1. Let r(h) = h**3 - 2*h**2 + h + 2. Let d be r(2). Suppose -2*y + 5*f + 6 = -y, -3*y + 37 = d*f. Calculate the highest common divisor of y and j.
11
Let x(p) = 265*p**3 - 1. Let c be x(1). What is the greatest common divisor of 33 and c?
33
Let h(i) = -i**3 + 6*i**2 + 2*i - 9. Let y be h(6). Suppose -45 = -5*p + 2*k + y*k, 4 = p + 4*k. Calculate the greatest common factor of p and 24.
8
Let v = 98 + -72. Calculate the highest common factor of v and 390.
26
Let f be (-15*2)/((-6)/21). Let k = 231 - f. What is the greatest common factor of k and 18?
18
Suppose 4*a - 5 = 19. Let x be a/(-9)*(-69)/1. Suppose -4*p - 4*u + 6*u + x = 0, -2*p + 5*u = -19. Calculate the highest common factor of 132 and p.
12
Suppose 4*c = -11 - 121. Let y = c + 57. What is the greatest common divisor of 6 and y?
6
Suppose 0 = 2*c + 3*c - 120. Let o = 11 - 8. What is the greatest common divisor of c and o?
3
Let m = 15 - 24. Let w be (156/m)/((-8)/12). What is the greatest common factor of 13 and w?
13
Let p(i) = i**3 + 9*i**2 - i - 9. Let c be p(-9). Suppose c = 5*h - 31 + 1. What is the greatest common factor of 66 and h?
6
Let w be (-1 + -1)/((-2)/4). Suppose -50 = -w*n + 2*l, 3*l = -5*n - 0*l + 46. Let g = n + -8. Calculate the highest common divisor of 1 and g.
1
Suppose -6*l + 2*l = -32. Let r be (0 + 1)/(7/28). Suppose 0 = -2*m + 5*z + 127, m + 30 = -r*z + 74. What is the highest common divisor of l and m?
8
Let t be 12*2*(-30)/(-8). What is the highest common factor of t and 36?
18
Let r = -11 - -16. Calculate the greatest common factor of r and 15.
5
Let x = -7 + 31. Let q = 8 - -52. What is the greatest common factor of q and x?
12
Let q = 2 + -6. Let t be (0 + 2)*-8*q. Calculate the greatest common factor of 8 and t.
8
Let t = -61 + 104. Suppose -13 = 3*b - t. Calculate the greatest common divisor of 40 and b.
10
Let h(n) = n**2 + 4*n + 3. Let l be h(-6). Suppose -i = -2*i + l. What is the highest common factor of i and 6?
3
Let h = 5 - 8. Let w(u) = -8*u + 4. Let t be w(h). Let z = 6 + 1. Calculate the greatest common divisor of t and z.
7
Suppose -11 = -k + 1. Suppose -6*z + 2*z - 8 = 0. Let j be 8/k*(86 + z). What is the greatest common factor of 8 and j?
8
Suppose -c - 4*i = -31, 0*c + 5*i - 47 = -2*c. Suppose 0 = -2*q + 92 + 84. What is the highest common factor of q and c?
11
Let m(z) = -9*z + 14. Let i be m(-9). Calculate the highest common divisor of 38 and i.
19
Suppose -2*m = 4*a - 146, -m + 108 = 3*a - 0*m. Calculate the greatest common divisor of a and 5.
5
Suppose -4*l = -5*c + 49, -c + 5*l + 17 = 3. Calculate the greatest common divisor of c and 27.
9
Suppose 0 = 3*f + n - 161, n = -2*f - 2*n + 105. Let y = 7 + -13. Let x be (-20)/y*18/10. What is the highest common divisor of f and x?
6
Let j(h) = -h + 7. Let g be j(0). Suppose 0 = 2*p - g - 3. What is the highest common divisor of 15 and p?
5
Let n(j) = 10*j + 4. Let r be n(2). Calculate the greatest common divisor of r and 192.
24
Let u(f) = -21*f + 5. Let t(o) = -136*o + 32. Let z(c) = -5*t(c) + 32*u(c). Let v be z(1). Calculate the greatest common factor of v and 32.
8
Let j(m) = -m**3 - 4*m**2 + 2*m + 1. Let w be j(-5). What is the highest common factor of w and 144?
16
Suppose m + 5*c = -6 - 5, -3*m + c + 15 = 0. What is the greatest common factor of m and 3?
1
Suppose -5*z - b = -4*z - 68, -4*z - 2*b = -268. Let d = 4 - 6. Let g be -9*(-3)/((-9)/d). What is the highest common factor of z and g?
6
Suppose -1 = -y + 2. Suppose 47 = y*h + 4*v, 0*v - 3*v - 3 = 0. Suppose -2*c - 9 = 1, -2*c = -g + h. Calculate the greatest common factor of g and 28.
7
Let j be (2 - 2)/(-1 - 0). Suppose 3*f + 3*i - 30 = 0, 2*i = 2*f - j*i - 8. Let c be 1 + -1 - -2*14. Calculate the greatest common divisor of c and f.
7
Let u be ((-8)/(-5))/(1/5). Let g = 94 + -62. Calculate the highest common divisor of g and u.
8
Suppose -4*g - 30 + 1 = -5*v, 0 = -v - 5*g. Calculate the highest common factor of v and 10.
5
Let v be 6/(-4)*4/(-3). Let w be 20/(-50) - (-7)/5. Calculate the highest common divisor of v and w.
1
Let r be -2 - 6/(-2) - -1. Let v = r - 0. Let h be (v - 0 - -5) + 0. What is the highest common divisor of h and 77?
7
Suppose 3*k - 145 = 23. Calculate the highest common factor of k and 7.
7
Let v = 24